582. Calculate p(7).
20
Let k(i) = -i**3 - 55*i**2 + 115*i + 772. Give k(-57).
715
Let o(z) = -z**2 + 4690*z + 46977. Give o(-10).
-23
Let l(z) = -331*z**2 + 1357*z - 1083. Calculate l(3).
9
Let k(m) = m**2 + 3374*m + 384198. Calculate k(-118).
-10
Let w(i) = -2*i**3 - 323*i**2 - 1672*i + 6794. What is w(-156)?
-70
Let o(q) = -4267*q + 260270. Determine o(61).
-17
Let o(a) = a**2 - 91*a + 565. Give o(72).
-803
Let d(a) = -a**3 - 869*a**2 - 6037*a - 2497. What is d(-862)?
89
Let y(i) = -31*i**2 - 138*i - 31. Give y(-5).
-116
Let h(v) = v**2 + 26812*v - 724658. Determine h(27).
-5
Let v(a) = 499*a**3 - 15*a**2 + 117*a - 178. Calculate v(2).
3988
Let x(l) = 616*l**2 + 4931*l - 9. Give x(-8).
-33
Let d(v) = 187*v - 1955. What is d(10)?
-85
Let n(q) = -20*q**2 + 471*q - 72. Determine n(23).
181
Let u(q) = -17*q**2 + 1584*q - 3176. What is u(2)?
-76
Let t(v) = 176401*v - 882001. Determine t(5).
4
Let u(g) = -g**3 + 32*g**2 + 41*g - 2970. Determine u(11).
22
Let s(v) = 173*v**2 - 18851*v + 139. Calculate s(109).
793
Let j(s) = -4*s**3 + 10*s**2 + 56*s + 469. Calculate j(7).
-21
Let m(q) = 8*q**3 + 1423*q**2 + 1242*q + 518. Give m(-177).
-13
Let p(j) = j**3 + 27*j**2 - 44*j + 387. Give p(-29).
-19
Let q(t) = -51147*t + 204326. Give q(4).
-262
Let u(y) = -20*y**3 + 314*y**2 + 929*y - 13338. Determine u(16).
-10
Let i(n) = n**3 + 19*n**2 - 209*n + 338. What is i(8)?
394
Let v(l) = -30*l**3 + 795*l**2 - 388*l + 36. Determine v(26).
88
Let r(x) = 16*x**2 + 839*x + 695. Determine r(-52).
331
Let z(l) = -l**2 - 842*l + 210894. Calculate z(202).
6
Let u(c) = 16279*c - 65108. Give u(4).
8
Let q(u) = 1393*u - 2374. Give q(2).
412
Let a(v) = -8505*v - 2398417. Calculate a(-282).
-7
Let i(a) = -a**3 - 41*a**2 - 394*a + 39. What is i(-23)?
-421
Let n(p) = -6*p**2 + 274*p - 737. Determine n(43).
-49
Let j(q) = 29928*q + 29923. Determine j(-1).
-5
Let g(u) = -11*u**2 + 71*u - 389. Determine g(10).
-779
Let p(k) = -44*k - 3919. Give p(-83).
-267
Let q(j) = -159*j**2 + 677*j + 712. Determine q(5).
122
Let l(r) = -22171*r + 132871. Give l(6).
-155
Let d(q) = 4488*q - 98709. Determine d(22).
27
Let n(y) = -1026*y - 105373. Give n(-103).
305
Let y(d) = 3163*d**2 - 56907*d - 22. Calculate y(18).
464
Let l(p) = p**3 - 8*p**2 + 601*p - 3581. Calculate l(6).
-47
Let g(x) = -4966*x - 5045467. Calculate g(-1016).
-11
Let f(n) = -28485*n + 1139527. Give f(40).
127
Let n(g) = 422*g - 1733. Give n(-5).
-3843
Let n(h) = 334*h**2 + 2121*h + 2941. Give n(-2).
35
Let d(q) = -q**2 + 939*q + 11703. Give d(-12).
291
Let w(f) = -7136730*f - 21410212. What is w(-3)?
-22
Let l(r) = 113095*r + 1470225. What is l(-13)?
-10
Let j(z) = 2*z**3 - 44*z**2 - 513*z - 43. What is j(-9)?
-448
Let q(h) = 6*h**2 - 138*h + 355. Give q(21).
103
Let p(o) = 17*o**3 - 238*o**2 + 10*o - 93. What is p(12)?
-4869
Let i(r) = -r**3 - 146*r**2 - 25*r - 3611. Calculate i(-146).
39
Let l(z) = 20*z**3 - 217*z**2 - 401*z + 68. Calculate l(-2).
-158
Let p(i) = -12*i**2 + 592*i - 8883. Determine p(15).
-2703
Let d(s) = 4*s**3 + 56*s**2 - 39*s + 211. Determine d(-15).
-104
Let x(h) = 683*h - 136516. Give x(200).
84
Let o(b) = -b**3 + 585*b**2 + 7032*b - 1356788. Give o(593).
-4
Let j(q) = -41*q**2 + 857*q + 158. What is j(21)?
74
Let r(g) = 23*g**3 - 32*g**2 - 20*g + 47. Give r(2).
63
Let j(u) = -372*u**3 - 7069*u**2 - 27*u - 162. Give j(-19).
-10
Let g(z) = 2*z**2 + 264*z + 4044. Give g(-112).
-436
Let z(l) = l**2 - 248*l + 1444. Determine z(242).
-8
Let p(k) = -k**3 + 27*k**2 - 218*k - 32. Give p(17).
-848
Let j(c) = -c**3 - 629*c**2 + 1383*c + 76105. Give j(-631).
-246
Let b(n) = -n**3 - 298*n**2 - 610*n - 5528. Calculate b(-296).
-200
Let u(o) = 15*o**2 + 1700*o - 6792. Give u(-117).
-357
Let w(j) = -12*j**2 - 1006*j + 67. Give w(-85).
-1123
Let x(m) = m**2 + 112*m + 1027. Determine x(-103).
100
Let q(a) = a**3 + 27312*a**2 - 136577*a - 41. Give q(5).
-1
Let o(t) = t**3 - 36*t**2 - 373*t + 13428. Calculate o(36).
0
Let j(z) = 1167*z**2 + 4529*z + 66. Calculate j(-4).
622
Let h(u) = -34*u**2 - 1247*u + 95. Determine h(-37).
-312
Let o(p) = -35*p**2 + 833*p + 128. Determine o(24).
-40
Let j(w) = -w**3 + 451*w**2 + 7377*w - 3715457. What is j(449)?
18
Let x(k) = k**2 + 1767*k + 110626. Calculate x(-65).
-4
Let h(x) = 22*x**2 + 679*x + 4223. Calculate h(-22).
-67
Let a(l) = -l**3 - 77*l**2 - 4416*l - 46582. Give a(-13).
10
Let c(x) = -33*x + 1929. Determine c(60).
-51
Let f(v) = -21*v**2 - 230*v - 45. Calculate f(-11).
-56
Let d(l) = -l**3 - 305*l**2 + 330*l + 7349. What is d(-306)?
5
Let h(o) = -4*o**3 + 5*o**2 + 694*o - 2119. Give h(3).
-100
Let o(n) = -12509040*n + 37527118. What is o(3)?
-2
Let n(g) = -g**2 - 841*g - 168075. Give n(-509).
913
Let l(y) = y**3 - 16*y**2 - 37977*y + 532095. Calculate l(14).
25
Let p(o) = -15*o**2 + 2324*o + 14312. Give p(-6).
-172
Let i(b) = -b**3 + 2*b**2 - 7098*b + 14199. Calculate i(2).
3
Let l(r) = 19*r**2 - 119*r - 517. Determine l(-3).
11
Let h(l) = -249*l + 191442. What is h(769)?
-39
Let s(y) = 1422497*y + 5690003. Calculate s(-4).
15
Let f(u) = u**2 - 1349*u - 205178. Give f(-138).
28
Let a(g) = -5062*g**3 + 10*g**2 - 232*g - 242. What is a(-1)?
5062
Let q(x) = x**2 - 594*x + 66303. Calculate q(149).
-2
Let l(j) = j**3 - 389*j**2 - 1802*j + 550855. Determine l(390).
175
Let y(g) = -6533*g + 852. Calculate y(0).
852
Let l(j) = -13*j**2 - 7309*j + 29308. What is l(4)?
-136
Let f(v) = -44*v**3 - 2*v**2 + 13*v - 34. What is f(3)?
-1201
Let c(w) = 2*w**3 + 130*w**2 + 405*w - 5075. Give c(-61).
-12
Let u(g) = g**3 - 46978*g**2 + 187901*g - 24. Give u(4).
-4
Let c(o) = -5901*o + 130357. Give c(22).
535
Let d(k) = -k**3 - 421*k**2 + 24600*k - 197. Give d(52).
11
Let x(y) = y**2 - 358*y + 11976. Calculate x(38).
-184
Let x(m) = -16944*m + 84933. Give x(5).
213
Let f(b) = 2*b**2 + 1177*b + 155217. Give f(-389).
6
Let g(t) = t**2 - 23542*t - 141293. What is g(-6)?
-5
Let s(g) = 14616*g - 1666101. What is s(114)?
123
Let i(l) = 403*l**3 + 28*l**2 - 56*l + 2. Determine i(2).
3226
Let m(p) = 9276*p - 751279. Calculate m(81).
77
Let y(n) = 136*n - 9944. Give y(95).
2976
Let p(h) = -1601*h + 6425. Give p(4).
21
Let v(t) = -562*t + 140. Determine v(0).
140
Let r(m) = -1020*m - 56100. What is r(-55)?
0
Let k(z) = -8*z**2 + 553*z + 16787. Calculate k(-23).
-164
Let m(f) = 2*f**3 + 892*f**2 - 5424*f + 50. Calculate m(-452).
50
Let x(q) = -q**3 - 1421*q**2 - 34895*q + 104. Give x(-25).
-21
Let y(h) = 790*h + 66290. What is y(-84)?
-70
Let c(y) = y**3 - 68*y**2 - 2140*y + 4193. Calculate c(91).
-84
Let p(b) = 25*b**2 - 2262*b + 3293. Calculate p(89).
0
Let n(z) = 2*z**3 + 54*z**2 + 362*z - 32. Give n(-9).
-374
Let n(u) = u**3 + 10*u**2 + 1570*u + 14191. Give n(-9).
142
Let a(x) = 2*x**3 - 81*x**2 - 87*x - 1006. Determine a(42).
632
Let q(u) = -u**3 + 267*u**2 - 17477*u - 62. What is q(152)?
394
Let a(j) = 230667*j - 1614738. Calculate a(7).
-69
Let p(h) = -132*h - 4154. Determine p(-35).
466
Let o(d) = 81*d - 1680. What is o(17)?
-303
Let k(j) = 21*j**2 - 131*j - 341. Calculate k(20).
5439
Let f(k) = -2*k - 61. Calculate f(88).
-237
Let b(j) = -424*j - 39872. What is b(-94)?
-16
Let f(w) = -88*w - 918. What is f(-32)?
1898
Let l(h) = -86001*h + 10. Give l(0).
10
Let h(j) = -1851*j - 684876. Determine h(-370).
-6
Let u(a) = a**2 + 29687*a + 385770. Determine u(-13).
8
Let k(y) = y**2 - 58*y - 27404. What is k(-132)?
-2324
Let o(p) = 8786*p - 34281. Calculate o(4).
863
Let q(f) = f**2 - 46*f - 2416. Calculate q(107).
4111
Let g(d) = -4*d**2 + 179*d + 997. Give g(49).
164
Let r(o) = -2*o**3 + 123*o**2 + 503*o - 27361. Determine r(62).
-19
Let m(i) = -10*i**2 + 157*i + 10177. What is m(-25)?
2
Let a(u) = -57*u**2 - 224*u + 19. Give a(-8).
-1837
Let c(n) = -12*n**3 - 38*n**2 - 51*n - 364. What is c(-4)?
0
Let c(b) = b**3 - 38*b**2 + 11986*b - 710653. Calculate c(55).
2
Let t(p) = -121*p + 6286. Determine t(62).
-1216
Let y(w) = -14867*w + 282503. What is y(19)?
30
Let m(x) = -1746*x - 914901. Determine m(-524).
3
Let y(o) = 6418*o + 1142376. Determine y(-178).
-28
Let d(w) = 2*w**3 + 6*w**2 - 1740*w - 20697. Give d(-15).
3
Let s(h) = -h**3 - 175*h**2 + 1343*h + 12745. Give s(-182).
187
Let j(i) = -2*i**3 + 67*i**2 + 84*i - 141. Give j(34).
1559
Let m(i) = -i**3 + 10*i**2 + 7288*i - 80130. Calculat